{"id":863,"date":"2023-10-23T18:11:21","date_gmt":"2023-10-23T22:11:21","guid":{"rendered":"https:\/\/mimercadoya.com\/electrodomesticos\/?post_type=product&#038;p=863"},"modified":"2024-01-15T09:33:57","modified_gmt":"2024-01-15T14:33:57","slug":"tv-digital-32-atec-32l14d-c","status":"publish","type":"product","link":"https:\/\/mimercadoya.com\/electrodomesticos\/producto\/tv-digital-32-atec-32l14d-c\/","title":{"rendered":"TV digital 32\u00bb Atec 32L14D-C"},"content":{"rendered":"<p>Con su pantalla de alta definici\u00f3n de 32 pulgadas, podr\u00e1s disfrutar de im\u00e1genes n\u00edtidas y colores vibrantes en cada escena. Ya sea que est\u00e9s viendo tus programas favoritos, pel\u00edculas o jugando videojuegos, esta TV te sumergir\u00e1 en una experiencia visual envolvente.<\/p>\n<p>Adem\u00e1s de su impresionante calidad de imagen, la <strong>TV digital Atec 32L14D-C<\/strong> tambi\u00e9n cuenta con un sintonizador digital incorporado, lo que te permite acceder a una amplia variedad de canales digitales sin necesidad de un decodificador adicional.<\/p>\n<p>Su dise\u00f1o elegante y delgado se adapta perfectamente a cualquier espacio, ya sea en la sala de estar, dormitorio o incluso en la cocina. Y con sus m\u00faltiples puertos HDMI y USB, podr\u00e1s conectar f\u00e1cilmente tus dispositivos externos, como reproductores de DVD, consolas de videojuegos o dispositivos de almacenamiento, para disfrutar de contenido adicional.<\/p>\n<p>No pierdas la oportunidad de llevar a casa la TV digital Atec 32L14D-C de 32\u00bb. Descubre una nueva forma de entretenimiento y sum\u00e9rgete en una experiencia visual \u00fanica.<\/p>\n","protected":false},"excerpt":{"rendered":"<p>Si est\u00e1s buscando una experiencia visual impresionante, no busques m\u00e1s. La <strong>TV digital Atec 32L14D-C de 32\u00bb<\/strong> es la elecci\u00f3n perfecta para aquellos que buscan calidad y entretenimiento en un solo dispositivo.<\/p>\n<p>Datos T\u00e9cnicos:<\/p>\n<ol>\n<li>Tama\u00f1o 31,5<\/li>\n<li>Peso ligero<\/li>\n<li>Relaci\u00f3n de aspecto 16:9<\/li>\n<li>Tiempo de respuesta (gris a gris) 8,5ms<\/li>\n<li>La imagen de alta definici\u00f3n 1080P<\/li>\n<li>Vida \u00fatil de la l\u00e1mpara 30.000 HS<\/li>\n<li>Sistema de TV ATV(NTSC)\/DTV(DTMB)<\/li>\n<\/ol>\n","protected":false},"featured_media":852,"template":"","meta":{"_acf_changed":false},"product_cat":[63],"product_tag":[],"class_list":{"0":"post-863","1":"product","2":"type-product","3":"status-publish","4":"has-post-thumbnail","6":"product_cat-televisores","8":"first","9":"outofstock","10":"shipping-taxable","11":"purchasable","12":"product-type-simple"},"acf":[],"jetpack_sharing_enabled":true,"_links":{"self":[{"href":"https:\/\/mimercadoya.com\/electrodomesticos\/wp-json\/wp\/v2\/product\/863","targetHints":{"allow":["GET"]}}],"collection":[{"href":"https:\/\/mimercadoya.com\/electrodomesticos\/wp-json\/wp\/v2\/product"}],"about":[{"href":"https:\/\/mimercadoya.com\/electrodomesticos\/wp-json\/wp\/v2\/types\/product"}],"wp:featuredmedia":[{"embeddable":true,"href":"https:\/\/mimercadoya.com\/electrodomesticos\/wp-json\/wp\/v2\/media\/852"}],"wp:attachment":[{"href":"https:\/\/mimercadoya.com\/electrodomesticos\/wp-json\/wp\/v2\/media?parent=863"}],"wp:term":[{"taxonomy":"product_cat","embeddable":true,"href":"https:\/\/mimercadoya.com\/electrodomesticos\/wp-json\/wp\/v2\/product_cat?post=863"},{"taxonomy":"product_tag","embeddable":true,"href":"https:\/\/mimercadoya.com\/electrodomesticos\/wp-json\/wp\/v2\/product_tag?post=863"}],"curies":[{"name":"wp","href":"https:\/\/api.w.org\/{rel}","templated":true}]}}