{"id":276,"date":"2022-09-06T14:31:44","date_gmt":"2022-09-06T14:31:44","guid":{"rendered":"https:\/\/themegenix.net\/wp\/suxnix\/?page_id=3"},"modified":"2023-08-28T21:51:50","modified_gmt":"2023-08-28T19:51:50","slug":"privacy-policy","status":"publish","type":"page","link":"https:\/\/mimercadoya.com\/electrodomesticos\/privacy-policy\/","title":{"rendered":"Pol\u00edtica de Privacidad"},"content":{"rendered":"<p>HeladosYA te informa sobre su Pol\u00edtica de Privacidad respecto del tratamiento y protecci\u00f3n de los datos de car\u00e1cter personal de los usuarios y clientes que puedan ser recabados por la navegaci\u00f3n o contrataci\u00f3n de servicios a trav\u00e9s del sitio Web\u00a0<a href=\"https:\/\/www.mimercadoya.com\/\" target=\"_blank\" rel=\"noopener\">https:\/\/www.mimercadoya.com<\/a>.<\/p>\r\n<p>En este sentido, el Titular garantiza el cumplimiento de la normativa vigente en materia de protecci\u00f3n de datos personales, establecidas en la Legislaci\u00f3n vigente.<\/p>\r\n<h3 class=\"wp-block-heading\">El uso de este sitio Web implica la aceptaci\u00f3n de esta Pol\u00edtica de Privacidad.<\/h3>\r\n<p><b>Identidad del responsable\u00a0<\/b><b>Titular:<\/b>\u00a0Betsy Concepci\u00f3n Fabi\u00e1n<br \/><b>Domicilio:<\/b>\u00a0Cornelio #152 entre Oquendo y Ra\u00fal \u00c1lvarez Reparto Virginia, municipio Santa Clara, provincia Villa Clara CP 50400<br \/><b>Correo electr\u00f3nico:<\/b>\u00a0<a href=\"mailto:heladosya.atencion@gmail.com\">heladosya.atencion@gmail.com<\/a><\/p>\r\n<h3>Principios aplicados en el tratamiento de datos personales<\/h3>\r\n<p>En el tratamiento de tus datos personales, el Titular aplicar\u00e1 los siguientes principios que se ajustan a las exigencias de las pr\u00e1cticas internacionales de protecci\u00f3n de datos:<\/p>\r\n<h3>Principio de licitud, lealtad y transparencia:<\/h3>\r\n<p>El Titular siempre requerir\u00e1 el consentimiento para el tratamiento de tus datos personales que puede ser para uno o varios fines espec\u00edficos sobre los que te informar\u00e1 previamente con absoluta transparencia.<\/p>\r\n<h3>Principio de minimizaci\u00f3n de datos:<\/h3>\r\n<p>El Titular te solicitar\u00e1 solo los datos estrictamente necesarios para el fin o los fines que los solicita.<\/p>\r\n<h3>Principio de integridad y confidencialidad:<\/h3>\r\n<p>Los datos de nuestros clientes ser\u00e1n tratados de tal manera que su seguridad, confidencialidad e integridad est\u00e9 garantizada. Debes saber que el Titular toma las precauciones necesarias para evitar el acceso no autorizado o uso indebido de los datos de sus usuarios.<\/p>\r\n<h3>Obtenci\u00f3n de datos personales:<\/h3>\r\n<ul>El Titular te informa que sobre tus datos personales tienes derecho a:\r\n<li>Solicitar el acceso a los datos almacenados.<\/li>\r\n<li>Solicitar una rectificaci\u00f3n o la cancelaci\u00f3n.<\/li>\r\n<li>Solicitar la limitaci\u00f3n de su tratamiento.<\/li>\r\n<\/ul>\r\n<p>El ejercicio de estos derechos es personal y por tanto debe ser ejercido directamente por el interesado, solicit\u00e1ndolo directamente al Titular, lo que significa que cualquier cliente o colaborador que haya facilitado sus datos en alg\u00fan momento puede dirigirse al Titular y pedir informaci\u00f3n sobre los datos que tiene almacenados y c\u00f3mo los ha obtenido, solicitar la rectificaci\u00f3n de los mismos, solicitar la portabilidad de sus datos personales, oponerse al tratamiento, limitar su uso o solicitar la cancelaci\u00f3n de esos datos en los ficheros del Titular.<\/p>\r\n<p>Para ejercitar tus derechos de acceso, rectificaci\u00f3n, cancelaci\u00f3n, portabilidad y oposici\u00f3n tienes que enviar un correo electr\u00f3nico a\u00a0<a href=\"mailto:heladosya.atenci%C3%B3n@gmail.com\">heladosya.atenci\u00f3n@gmail.com<\/a>\u00a0junto con la prueba v\u00e1lida en derecho.<\/p>\r\n<p>Tienes derecho a la tutela judicial efectiva y a presentar una reclamaci\u00f3n ante la autoridad de control, si consideras que el tratamiento de datos personales que te conciernen infringe la Pol\u00edtica de Privacidad en cuesti\u00f3n.<\/p>\r\n<p><b>Formularios de contacto:<\/b>\u00a0El Titular solicita datos personales entre los que pueden estar: Nombre y apellidos, direcci\u00f3n de correo electr\u00f3nico, n\u00famero de tel\u00e9fono y direcci\u00f3n e-mail, con la finalidad de responder a tus consultas.<\/p>\r\n<p>Por ejemplo, el Titular utiliza esos datos para dar respuesta a tus mensajes, dudas, quejas, comentarios o inquietudes que puedas tener relativas a la informaci\u00f3n incluida en el sitio Web, los servicios que se prestan a trav\u00e9s del sitio Web, el tratamiento de tus datos personales, cuestiones referentes a los textos legales incluidos en el sitio Web, as\u00ed como cualquier otra consulta que puedas tener y que no est\u00e9 sujeta a las condiciones del sitio Web o de la contrataci\u00f3n.<\/p>\r\n<h3>Existen otras finalidades por las que el Titular trata tus datos personales:<\/h3>\r\n<p>Para garantizar el cumplimiento de las condiciones legales recogidas en la Pol\u00edtica de Privacidad. Esto puede incluir el desarrollo de herramientas y algoritmos que ayuden a este sitio Web a garantizar la confidencialidad de los datos personales que recoge.<\/p>\r\n<p>Para apoyar y mejorar los servicios que ofrece este sitio Web.<\/p>\r\n<p>Para gestionar las redes sociales. El Titular tiene presencia en redes sociales. Si te haces seguidor en las redes sociales del Titular el tratamiento de los datos personales se regir\u00e1 por este apartado, as\u00ed como por aquellas condiciones de uso, pol\u00edticas de privacidad y normativas de acceso que pertenezcan a la red social que proceda en cada caso y que has aceptado previamente.<\/p>\r\n<p>El Titular tratar\u00e1 tus datos personales con la finalidad de administrar correctamente su presencia en la red social, informarte de sus actividades, productos o servicios, as\u00ed como para cualquier otra finalidad que las normativas de las redes sociales permitan.<\/p>\r\n<p>En ning\u00fan caso el Titular utilizar\u00e1 los perfiles de seguidores en redes sociales para enviar publicidad de manera individual.<\/p>\r\n<h3>Seguridad de los datos personales<\/h3>\r\n<p>Para proteger tus datos personales, el Titular toma todas las precauciones razonables y sigue las mejores pr\u00e1cticas de la industria para evitar su p\u00e9rdida, mal uso, acceso indebido, divulgaci\u00f3n, alteraci\u00f3n o destrucci\u00f3n de los mismos.<\/p>\r\n<h3>Legitimaci\u00f3n para el tratamiento de datos<\/h3>\r\n<p>La base legal para el tratamiento de tus datos es:\u00a0<b>el consentimiento<\/b>.<\/p>\r\n<h3>Navegaci\u00f3n Web<\/h3>\r\n<p>Al navegar por\u00a0<a href=\"https:\/\/www.mimercadoya.com\/\">https:\/\/www.mimercadoya.com<\/a>\u00a0se pueden recoger datos no identificativos, que pueden incluir, la direcci\u00f3n IP, un registro de c\u00f3mo se utilizan los servicios y sitios, h\u00e1bitos de navegaci\u00f3n y otros datos que no pueden ser utilizados para identificarte.<\/p>\r\n<p>El Titular utiliza la informaci\u00f3n obtenida para obtener datos estad\u00edsticos, analizar tendencias, administrar el sitio, estudiar patrones de navegaci\u00f3n y para recopilar informaci\u00f3n demogr\u00e1fica.<\/p>\r\n<h3>Exactitud y veracidad de los datos personales<\/h3>\r\n<p>Te comprometes a que los datos facilitados al Titular sean correctos, completos, exactos y vigentes, as\u00ed como a mantenerlos debidamente actualizados. Como Usuario del sitio Web eres el \u00fanico responsable de la veracidad y correcci\u00f3n de los datos que remitas al sitio, exonerando al Titular de cualquier responsabilidad al respecto.<\/p>\r\n<h3>Aceptaci\u00f3n y consentimiento<\/h3>\r\n<p>Como Usuario del sitio Web declaras haber sido informado de las condiciones sobre protecci\u00f3n de datos de car\u00e1cter personal, aceptas y consientes el tratamiento de los mismos por parte del Titular en la forma y para las finalidades indicadas en esta Pol\u00edtica de Privacidad.<\/p>\r\n<h3>Revocabilidad<\/h3>\r\n<p>Para ejercitar tus derechos de acceso, rectificaci\u00f3n, cancelaci\u00f3n, portabilidad y oposici\u00f3n tienes que dirigirte a\u00a0<a href=\"mailto:heladosya.atenci%C3%B3n@gmail.com\">heladosya.atenci\u00f3n@gmail.com<\/a>.<\/p>\r\n<p>El ejercicio de tus derechos no incluye ning\u00fan dato que el Titular est\u00e9 obligado a conservar con fines administrativos, legales o de seguridad.<\/p>\r\n<h3>Cambios en la Pol\u00edtica de Privacidad<\/h3>\r\n<p>El Titular se reserva el derecho a modificar la presente Pol\u00edtica de Privacidad para adaptarla a novedades legislativas o jurisprudenciales, as\u00ed como a pr\u00e1cticas de la industria.<\/p>\r\n<p>Estas pol\u00edticas estar\u00e1n vigentes hasta que sean modificadas por otras debidamente publicadas.<\/p>","protected":false},"excerpt":{"rendered":"<p>HeladosYA te informa sobre su Pol\u00edtica de Privacidad respecto del tratamiento y protecci\u00f3n de los datos de car\u00e1cter personal de los usuarios y clientes que puedan ser recabados por la navegaci\u00f3n o contrataci\u00f3n de servicios a trav\u00e9s del sitio Web\u00a0https:\/\/www.mimercadoya.com. En este sentido, el Titular garantiza el cumplimiento de la normativa vigente en materia de [&hellip;]<\/p>\n","protected":false},"author":1,"featured_media":0,"parent":0,"menu_order":0,"comment_status":"closed","ping_status":"open","template":"","meta":{"_acf_changed":false,"footnotes":""},"class_list":["post-276","page","type-page","status-publish","hentry"],"acf":[],"jetpack_sharing_enabled":true,"_links":{"self":[{"href":"https:\/\/mimercadoya.com\/electrodomesticos\/wp-json\/wp\/v2\/pages\/276","targetHints":{"allow":["GET"]}}],"collection":[{"href":"https:\/\/mimercadoya.com\/electrodomesticos\/wp-json\/wp\/v2\/pages"}],"about":[{"href":"https:\/\/mimercadoya.com\/electrodomesticos\/wp-json\/wp\/v2\/types\/page"}],"author":[{"embeddable":true,"href":"https:\/\/mimercadoya.com\/electrodomesticos\/wp-json\/wp\/v2\/users\/1"}],"replies":[{"embeddable":true,"href":"https:\/\/mimercadoya.com\/electrodomesticos\/wp-json\/wp\/v2\/comments?post=276"}],"version-history":[{"count":1,"href":"https:\/\/mimercadoya.com\/electrodomesticos\/wp-json\/wp\/v2\/pages\/276\/revisions"}],"predecessor-version":[{"id":600,"href":"https:\/\/mimercadoya.com\/electrodomesticos\/wp-json\/wp\/v2\/pages\/276\/revisions\/600"}],"wp:attachment":[{"href":"https:\/\/mimercadoya.com\/electrodomesticos\/wp-json\/wp\/v2\/media?parent=276"}],"curies":[{"name":"wp","href":"https:\/\/api.w.org\/{rel}","templated":true}]}}

Política de Privacidad

<p>HeladosYA te informa sobre su Política de Privacidad respecto del tratamiento y protección de los datos de carácter personal de los usuarios y clientes que puedan ser recabados por la navegación o contratación de servicios a través del sitio Web <a href="https://www.mimercadoya.com/" target="_blank" rel="noopener">https://www.mimercadoya.com</a>.</p>
<p>En este sentido, el Titular garantiza el cumplimiento de la normativa vigente en materia de protección de datos personales, establecidas en la Legislación vigente.</p>
<h3 class="wp-block-heading">El uso de este sitio Web implica la aceptación de esta Política de Privacidad.</h3>
<p><b>Identidad del responsable </b><b>Titular:</b> Betsy Concepción Fabián<br /><b>Domicilio:</b> Cornelio #152 entre Oquendo y Raúl Álvarez Reparto Virginia, municipio Santa Clara, provincia Villa Clara CP 50400<br /><b>Correo electrónico:</b> <a href="mailto:heladosya.atencion@gmail.com">heladosya.atencion@gmail.com</a></p>
<h3>Principios aplicados en el tratamiento de datos personales</h3>
<p>En el tratamiento de tus datos personales, el Titular aplicará los siguientes principios que se ajustan a las exigencias de las prácticas internacionales de protección de datos:</p>
<h3>Principio de licitud, lealtad y transparencia:</h3>
<p>El Titular siempre requerirá el consentimiento para el tratamiento de tus datos personales que puede ser para uno o varios fines específicos sobre los que te informará previamente con absoluta transparencia.</p>
<h3>Principio de minimización de datos:</h3>
<p>El Titular te solicitará solo los datos estrictamente necesarios para el fin o los fines que los solicita.</p>
<h3>Principio de integridad y confidencialidad:</h3>
<p>Los datos de nuestros clientes serán tratados de tal manera que su seguridad, confidencialidad e integridad esté garantizada. Debes saber que el Titular toma las precauciones necesarias para evitar el acceso no autorizado o uso indebido de los datos de sus usuarios.</p>
<h3>Obtención de datos personales:</h3>
<ul>El Titular te informa que sobre tus datos personales tienes derecho a:
<li>Solicitar el acceso a los datos almacenados.</li>
<li>Solicitar una rectificación o la cancelación.</li>
<li>Solicitar la limitación de su tratamiento.</li>
</ul>
<p>El ejercicio de estos derechos es personal y por tanto debe ser ejercido directamente por el interesado, solicitándolo directamente al Titular, lo que significa que cualquier cliente o colaborador que haya facilitado sus datos en algún momento puede dirigirse al Titular y pedir información sobre los datos que tiene almacenados y cómo los ha obtenido, solicitar la rectificación de los mismos, solicitar la portabilidad de sus datos personales, oponerse al tratamiento, limitar su uso o solicitar la cancelación de esos datos en los ficheros del Titular.</p>
<p>Para ejercitar tus derechos de acceso, rectificación, cancelación, portabilidad y oposición tienes que enviar un correo electrónico a <a href="mailto:heladosya.atenci%C3%B3n@gmail.com">heladosya.atención@gmail.com</a> junto con la prueba válida en derecho.</p>
<p>Tienes derecho a la tutela judicial efectiva y a presentar una reclamación ante la autoridad de control, si consideras que el tratamiento de datos personales que te conciernen infringe la Política de Privacidad en cuestión.</p>
<p><b>Formularios de contacto:</b> El Titular solicita datos personales entre los que pueden estar: Nombre y apellidos, dirección de correo electrónico, número de teléfono y dirección e-mail, con la finalidad de responder a tus consultas.</p>
<p>Por ejemplo, el Titular utiliza esos datos para dar respuesta a tus mensajes, dudas, quejas, comentarios o inquietudes que puedas tener relativas a la información incluida en el sitio Web, los servicios que se prestan a través del sitio Web, el tratamiento de tus datos personales, cuestiones referentes a los textos legales incluidos en el sitio Web, así como cualquier otra consulta que puedas tener y que no esté sujeta a las condiciones del sitio Web o de la contratación.</p>
<h3>Existen otras finalidades por las que el Titular trata tus datos personales:</h3>
<p>Para garantizar el cumplimiento de las condiciones legales recogidas en la Política de Privacidad. Esto puede incluir el desarrollo de herramientas y algoritmos que ayuden a este sitio Web a garantizar la confidencialidad de los datos personales que recoge.</p>
<p>Para apoyar y mejorar los servicios que ofrece este sitio Web.</p>
<p>Para gestionar las redes sociales. El Titular tiene presencia en redes sociales. Si te haces seguidor en las redes sociales del Titular el tratamiento de los datos personales se regirá por este apartado, así como por aquellas condiciones de uso, políticas de privacidad y normativas de acceso que pertenezcan a la red social que proceda en cada caso y que has aceptado previamente.</p>
<p>El Titular tratará tus datos personales con la finalidad de administrar correctamente su presencia en la red social, informarte de sus actividades, productos o servicios, así como para cualquier otra finalidad que las normativas de las redes sociales permitan.</p>
<p>En ningún caso el Titular utilizará los perfiles de seguidores en redes sociales para enviar publicidad de manera individual.</p>
<h3>Seguridad de los datos personales</h3>
<p>Para proteger tus datos personales, el Titular toma todas las precauciones razonables y sigue las mejores prácticas de la industria para evitar su pérdida, mal uso, acceso indebido, divulgación, alteración o destrucción de los mismos.</p>
<h3>Legitimación para el tratamiento de datos</h3>
<p>La base legal para el tratamiento de tus datos es: <b>el consentimiento</b>.</p>
<h3>Navegación Web</h3>
<p>Al navegar por <a href="https://www.mimercadoya.com/">https://www.mimercadoya.com</a> se pueden recoger datos no identificativos, que pueden incluir, la dirección IP, un registro de cómo se utilizan los servicios y sitios, hábitos de navegación y otros datos que no pueden ser utilizados para identificarte.</p>
<p>El Titular utiliza la información obtenida para obtener datos estadísticos, analizar tendencias, administrar el sitio, estudiar patrones de navegación y para recopilar información demográfica.</p>
<h3>Exactitud y veracidad de los datos personales</h3>
<p>Te comprometes a que los datos facilitados al Titular sean correctos, completos, exactos y vigentes, así como a mantenerlos debidamente actualizados. Como Usuario del sitio Web eres el único responsable de la veracidad y corrección de los datos que remitas al sitio, exonerando al Titular de cualquier responsabilidad al respecto.</p>
<h3>Aceptación y consentimiento</h3>
<p>Como Usuario del sitio Web declaras haber sido informado de las condiciones sobre protección de datos de carácter personal, aceptas y consientes el tratamiento de los mismos por parte del Titular en la forma y para las finalidades indicadas en esta Política de Privacidad.</p>
<h3>Revocabilidad</h3>
<p>Para ejercitar tus derechos de acceso, rectificación, cancelación, portabilidad y oposición tienes que dirigirte a <a href="mailto:heladosya.atenci%C3%B3n@gmail.com">heladosya.atención@gmail.com</a>.</p>
<p>El ejercicio de tus derechos no incluye ningún dato que el Titular esté obligado a conservar con fines administrativos, legales o de seguridad.</p>
<h3>Cambios en la Política de Privacidad</h3>
<p>El Titular se reserva el derecho a modificar la presente Política de Privacidad para adaptarla a novedades legislativas o jurisprudenciales, así como a prácticas de la industria.</p>
<p>Estas políticas estarán vigentes hasta que sean modificadas por otras debidamente publicadas.</p>

<p>HeladosYA te informa sobre su Política de Privacidad respecto del tratamiento y protección de los datos de carácter personal de los usuarios y clientes que puedan ser recabados por la navegación o contratación de servicios a través del sitio Web https://www.mimercadoya.com. En este sentido, el Titular garantiza el cumplimiento de la normativa vigente en materia de [&hellip;]</p>
